{"id":8,"date":"2023-03-30T11:54:03","date_gmt":"2023-03-30T11:54:03","guid":{"rendered":"https:\/\/www.urbanteruel.es\/fondos-next-generation-eu\/?page_id=8"},"modified":"2026-04-14T08:44:36","modified_gmt":"2026-04-14T08:44:36","slug":"inicio","status":"publish","type":"page","link":"https:\/\/www.urbanteruel.es\/fondos-next-generation-eu\/","title":{"rendered":"Inicio"},"content":{"rendered":"\t\t<div data-elementor-type=\"wp-page\" data-elementor-id=\"8\" class=\"elementor elementor-8\">\n\t\t\t\t<div class=\"elementor-element elementor-element-f20b3ee e-con-full e-flex e-con e-parent\" data-id=\"f20b3ee\" data-element_type=\"container\" data-e-type=\"container\" data-settings=\"{&quot;background_background&quot;:&quot;classic&quot;}\">\n\t\t\t\t<div class=\"elementor-element elementor-element-46ed414 elementor-widget elementor-widget-heading\" data-id=\"46ed414\" data-element_type=\"widget\" data-e-type=\"widget\" data-widget_type=\"heading.default\">\n\t\t\t\t<div class=\"elementor-widget-container\">\n\t\t\t\t\t<h2 class=\"elementor-heading-title elementor-size-default\">Fondos Next Generation EU \n<\/h2>\t\t\t\t<\/div>\n\t\t\t\t<\/div>\n\t\t\t\t<div class=\"elementor-element elementor-element-a91a791 elementor-widget elementor-widget-heading\" data-id=\"a91a791\" data-element_type=\"widget\" data-e-type=\"widget\" data-widget_type=\"heading.default\">\n\t\t\t\t<div class=\"elementor-widget-container\">\n\t\t\t\t\t<h2 class=\"elementor-heading-title elementor-size-default\">AYUNTAMIENTO DE TERUEL\n<\/h2>\t\t\t\t<\/div>\n\t\t\t\t<\/div>\n\t\t\t\t<\/div>\n\t\t<div class=\"elementor-element elementor-element-8fcf084 e-flex e-con-boxed e-con e-parent\" data-id=\"8fcf084\" data-element_type=\"container\" data-e-type=\"container\">\n\t\t\t\t\t<div class=\"e-con-inner\">\n\t\t<div class=\"elementor-element elementor-element-4f6851c e-con-full e-flex e-con e-child\" data-id=\"4f6851c\" data-element_type=\"container\" data-e-type=\"container\">\n\t\t\t\t<div class=\"elementor-element elementor-element-d39979d elementor-widget elementor-widget-heading\" data-id=\"d39979d\" data-element_type=\"widget\" data-e-type=\"widget\" data-widget_type=\"heading.default\">\n\t\t\t\t<div class=\"elementor-widget-container\">\n\t\t\t\t\t<h1 class=\"elementor-heading-title elementor-size-default\">Plan de Recuperaci\u00f3n, <\/BR> Transformaci\u00f3n y Resiliencia <\/h1>\t\t\t\t<\/div>\n\t\t\t\t<\/div>\n\t\t\t\t<div class=\"elementor-element elementor-element-a9161dd elementor-widget elementor-widget-heading\" data-id=\"a9161dd\" data-element_type=\"widget\" data-e-type=\"widget\" data-widget_type=\"heading.default\">\n\t\t\t\t<div class=\"elementor-widget-container\">\n\t\t\t\t\t<h3 class=\"elementor-heading-title elementor-size-default\">AYUNTAMIENTO DE TERUEL<\/h3>\t\t\t\t<\/div>\n\t\t\t\t<\/div>\n\t\t\t\t<\/div>\n\t\t<div class=\"elementor-element elementor-element-5a6b2f9 e-con-full e-flex e-con e-child\" data-id=\"5a6b2f9\" data-element_type=\"container\" data-e-type=\"container\">\n\t\t\t\t<div class=\"elementor-element elementor-element-53ac839 elementor-widget elementor-widget-heading\" data-id=\"53ac839\" data-element_type=\"widget\" data-e-type=\"widget\" data-widget_type=\"heading.default\">\n\t\t\t\t<div class=\"elementor-widget-container\">\n\t\t\t\t\t<h2 class=\"elementor-heading-title elementor-size-default\">FINANCIADO POR LA UNI\u00d3N EUROPEA- FONDOS NEXT GENERATION EU<\/h2>\t\t\t\t<\/div>\n\t\t\t\t<\/div>\n\t\t\t\t<\/div>\n\t\t\t\t\t<\/div>\n\t\t\t\t<\/div>\n\t\t<div class=\"elementor-element elementor-element-d3fbb37 e-flex e-con-boxed e-con e-parent\" data-id=\"d3fbb37\" data-element_type=\"container\" data-e-type=\"container\">\n\t\t\t\t\t<div class=\"e-con-inner\">\n\t\t\t\t<div class=\"elementor-element elementor-element-ca3e80d elementor-widget elementor-widget-text-editor\" data-id=\"ca3e80d\" data-element_type=\"widget\" data-e-type=\"widget\" data-widget_type=\"text-editor.default\">\n\t\t\t\t<div class=\"elementor-widget-container\">\n\t\t\t\t\t\t\t\t\t<p>La crisis social y econ\u00f3mica sufrida en Europa como consecuencia de la pandemia de covid-19, plantea un desaf\u00edo de proporciones hist\u00f3ricas para la UE y sus Estados miembros. Revertir esos efectos negativos, requiere un esfuerzo sin precedentes y un planteamiento innovador que impulsen la convergencia, la resiliencia y la transformaci\u00f3n en la Uni\u00f3n Europea.<\/p><p>El 21 de julio de 2020, el Consejo Europeo acord\u00f3 un instrumento excepcional de recuperaci\u00f3n temporal conocido como <strong>Fondos<\/strong> <strong>Next Generation EU<\/strong>.<\/p><p>Los\u00a0<strong>Fondos Next Generation EU<\/strong>\u00a0conforman una iniciativa que persigue dar soporte econ\u00f3mico a los Miembros de la UE a trav\u00e9s de cr\u00e9ditos por un valor total de 750.000 M\u20ac, a repartir entre 2021 y 2026.<\/p><p>Para coordinar el reparto de las ayudas, Espa\u00f1a ha elaborado el\u00a0<strong>PRTR<\/strong>\u00a0o\u00a0<strong>Plan de Recuperaci\u00f3n, Transformaci\u00f3n y Resiliencia &#8220;Espa\u00f1a Puede&#8221;<\/strong>, que contar\u00e1 con una inversi\u00f3n proveniente de los Fondos Next Generation EU de <strong>140.000 M\u20ac<\/strong>, para facilitar tanto la recuperaci\u00f3n econ\u00f3mica y del empleo despu\u00e9s de la pandemia de la Covid, como una modernizaci\u00f3n de la econom\u00eda espa\u00f1ola.<\/p><p>El <strong>Ayuntamiento de Teruel<\/strong> como entidad local interesada en gestionar parte de estos fondos europeos Next Generation EU, participa en convocatorias de subvenci\u00f3n, presentando proyectos con los que desarrollar actuaciones en nuestra ciudad.<\/p><p>Este espacio web tiene como finalidad informar al ciudadano sobre aquellos proyectos para los cuales el Ayuntamiento de Teruel ha solicitado subvenci\u00f3n con cargo a los Fondos Next Generation EU, as\u00ed como comunicar con transparencia el importe de aquellas subvenciones recibidas, solicitudes desestimadas, estado de tramitaci\u00f3n de cada proyecto y las medidas antifraude adoptadas por el Ayuntamiento.<\/p>\t\t\t\t\t\t\t\t<\/div>\n\t\t\t\t<\/div>\n\t\t\t\t\t<\/div>\n\t\t\t\t<\/div>\n\t\t<div class=\"elementor-element elementor-element-094bdf2 e-flex e-con-boxed e-con e-parent\" data-id=\"094bdf2\" data-element_type=\"container\" data-e-type=\"container\">\n\t\t\t\t\t<div class=\"e-con-inner\">\n\t\t\t\t<div class=\"elementor-element elementor-element-91ec5fe elementor-widget elementor-widget-image\" data-id=\"91ec5fe\" data-element_type=\"widget\" data-e-type=\"widget\" data-widget_type=\"image.default\">\n\t\t\t\t<div class=\"elementor-widget-container\">\n\t\t\t\t\t\t\t\t\t\t\t\t\t\t\t<img fetchpriority=\"high\" decoding=\"async\" width=\"1700\" height=\"850\" src=\"https:\/\/www.urbanteruel.es\/fondos-next-generation-eu\/wp-content\/uploads\/2026\/04\/Teruel_Avanza_contigo_01.webp\" class=\"attachment-full size-full wp-image-730\" alt=\"\" srcset=\"https:\/\/www.urbanteruel.es\/fondos-next-generation-eu\/wp-content\/uploads\/2026\/04\/Teruel_Avanza_contigo_01.webp 1700w, https:\/\/www.urbanteruel.es\/fondos-next-generation-eu\/wp-content\/uploads\/2026\/04\/Teruel_Avanza_contigo_01-300x150.webp 300w, https:\/\/www.urbanteruel.es\/fondos-next-generation-eu\/wp-content\/uploads\/2026\/04\/Teruel_Avanza_contigo_01-1024x512.webp 1024w, https:\/\/www.urbanteruel.es\/fondos-next-generation-eu\/wp-content\/uploads\/2026\/04\/Teruel_Avanza_contigo_01-1536x768.webp 1536w\" sizes=\"(max-width: 1700px) 100vw, 1700px\" \/>\t\t\t\t\t\t\t\t\t\t\t\t\t\t\t<\/div>\n\t\t\t\t<\/div>\n\t\t\t\t\t<\/div>\n\t\t\t\t<\/div>\n\t\t\t\t<\/div>\n\t\t","protected":false},"excerpt":{"rendered":"<p>Fondos Next Generation EU AYUNTAMIENTO DE TERUEL Plan de Recuperaci\u00f3n, Transformaci\u00f3n y Resiliencia AYUNTAMIENTO DE TERUEL FINANCIADO POR LA UNI\u00d3N EUROPEA- FONDOS NEXT GENERATION EU La crisis social y econ\u00f3mica sufrida en Europa como consecuencia de la pandemia de covid-19, plantea un desaf\u00edo de proporciones hist\u00f3ricas para la UE y sus Estados miembros. Revertir esos [&hellip;]<\/p>\n","protected":false},"author":1,"featured_media":0,"parent":0,"menu_order":0,"comment_status":"closed","ping_status":"closed","template":"","meta":{"footnotes":""},"class_list":["post-8","page","type-page","status-publish","hentry"],"_links":{"self":[{"href":"https:\/\/www.urbanteruel.es\/fondos-next-generation-eu\/wp-json\/wp\/v2\/pages\/8","targetHints":{"allow":["GET"]}}],"collection":[{"href":"https:\/\/www.urbanteruel.es\/fondos-next-generation-eu\/wp-json\/wp\/v2\/pages"}],"about":[{"href":"https:\/\/www.urbanteruel.es\/fondos-next-generation-eu\/wp-json\/wp\/v2\/types\/page"}],"author":[{"embeddable":true,"href":"https:\/\/www.urbanteruel.es\/fondos-next-generation-eu\/wp-json\/wp\/v2\/users\/1"}],"replies":[{"embeddable":true,"href":"https:\/\/www.urbanteruel.es\/fondos-next-generation-eu\/wp-json\/wp\/v2\/comments?post=8"}],"version-history":[{"count":115,"href":"https:\/\/www.urbanteruel.es\/fondos-next-generation-eu\/wp-json\/wp\/v2\/pages\/8\/revisions"}],"predecessor-version":[{"id":736,"href":"https:\/\/www.urbanteruel.es\/fondos-next-generation-eu\/wp-json\/wp\/v2\/pages\/8\/revisions\/736"}],"wp:attachment":[{"href":"https:\/\/www.urbanteruel.es\/fondos-next-generation-eu\/wp-json\/wp\/v2\/media?parent=8"}],"curies":[{"name":"wp","href":"https:\/\/api.w.org\/{rel}","templated":true}]}}